mmon divisor of 6 and s.
6
Suppose 0 = 97*n - 252 + 58. Calculate the highest common factor of n and 9806.
2
Suppose 12*k + 300 - 1632 = 0. Suppose -d + 114 = -71. What is the greatest common factor of d and k?
37
Let i be (1/1)/((-3)/(-204)). Let o(g) = g**3 - 26*g**2 - 7*g - 133. Let x be o(26). Let w be ((-765)/x)/(1/7). What is the greatest common factor of i and w?
17
Suppose k = 2*o - 6*o + 12, -3*k = 0. Suppose 4*u - 4*p + 426 = -o*p, -4*u = -3*p + 422. Let z = 113 + u. Calculate the greatest common divisor of 18 and z.
6
Suppose -90068 = -850*u + 806*u. What is the greatest common divisor of u and 368?
23
Suppose -3*v + 3*p - 62 = -4*v, -84 = -2*v + 4*p. Let y be 8/(-6)*(-434 + v). What is the highest common factor of 16 and y?
16
Suppose -6417*d - 159460 = -6485*d. Calculate the greatest common factor of 65 and d.
5
Let b(s) = -s**3 - 2*s**2 + 58*s + 236. Let k be b(-7). Calculate the greatest common divisor of 525 and k.
75
Let c = 41 - 39. Suppose 0 = -3*r + c*l + 179 + 173, 4*r = 4*l + 464. What is the greatest common divisor of r and 15?
15
Let u be (53 - 54)*272/(-2). Suppose -198 = -3*w - 126. What is the greatest common divisor of w and u?
8
Let u = -10209 - -10505. Calculate the highest common factor of 136 and u.
8
Let k(i) = 3*i**2 + 40*i + 149. Let l be k(-8). Suppose 2 + 145 = 7*c. What is the greatest common divisor of l and c?
21
Let f(o) = o**2 + 4*o + 21. Let s be f(-4). Suppose s*m - 3027 - 291 = 0. Calculate the highest common divisor of 2 and m.
2
Let m be (-1 + (-22)/(-10))/(((-8)/21270)/(-2)). Calculate the highest common factor of m and 27.
9
Let z(m) = 5*m**2 - 5*m + 6. Let v be z(-6). Suppose 3*k = 3*y - v, 6*k = k - 5. What is the highest common factor of 71 and y?
71
Let z(s) = -4*s - 46. Let p be z(-12). Suppose 2*v + g - p*g = 143, g = -3. What is the highest common divisor of v and 28?
14
Suppose 3*p = 9, 0*x - 2*p = -5*x + 414. Let n be (158/(-3))/((-8)/x). What is the greatest common divisor of n and 7?
7
Let o = 9512 - 9488. Calculate the greatest common divisor of o and 1500.
12
Suppose -c + 4*w = -61, 330 = -5*c + 10*c + 5*w. Calculate the highest common divisor of c and 15.
5
Let w be (-5 + 30/(-5))*4/(-22). Suppose 5*f - 9 = w*v - 0, f = 3*v + 7. Suppose 7*k - 4*k - 24 = 0. Calculate the greatest common divisor of f and k.
1
Let t = -126 - -177. Let y be 0 + -5 - (-4 - 630)*1. What is the greatest common divisor of t and y?
17
Suppose -19*k + 1367 = -856. What is the highest common factor of 429 and k?
39
Let x be (-4)/(-38) - 1056/(-76). Suppose -3*n + 1046 = -4*u, -n - 5*u = -41 - 314. What is the greatest common divisor of n and x?
14
Let i be (830/249)/(15/324). Calculate the greatest common divisor of i and 1908.
36
Let w = -42670 - -42687. Let k(c) = -16*c + 2. Let h be k(-2). Calculate the highest common factor of h and w.
17
Let i be (28/(-6))/((-2)/3)*3. Let j be ((-42)/8)/(i/56). Let x be (8/j)/(2/(-77)). What is the highest common divisor of x and 11?
11
Suppose m + 1253 = -3*w - m, -3*m + 15 = 0. Let n = -416 - w. What is the greatest common divisor of 185 and n?
5
Let j(r) = -3*r + 9. Suppose 3*g = 9*g - 18. Let i be j(g). Let y(k) = k + 77. Let w be y(i). What is the highest common factor of w and 11?
11
Let j = 407 + -425. Let d be 76/8 + j/(-12). What is the greatest common factor of 550 and d?
11
Let a = -3601 + 4459. What is the highest common divisor of 198 and a?
66
Suppose 5*a - 20*z + 24*z - 27 = 0, 0 = 3*a + 7*z - 7. What is the highest common divisor of a and 13349?
7
Let x(v) = -30*v + 2712. Let j be x(90). What is the highest common factor of 24 and j?
12
Let g = -9917 - -10241. What is the highest common factor of 2349 and g?
81
Let v(b) = 12*b**2 - 4*b - 4. Let f be 3*(70/(-21))/(-5). Let o be v(f). What is the highest common divisor of 9 and o?
9
Suppose -2*k - 4*f = 2, 1563*k = 1561*k + 4*f + 6. What is the greatest common factor of 487 and k?
1
Let d(k) = -k**2 - 289*k + 2449. Let s be d(8). What is the highest common divisor of s and 20?
1
Suppose 108 = 34*u - 30*u. Let k = -3 - u. Let h be (-21)/(-7) - (0 - k)*-1. Calculate the greatest common factor of h and 264.
33
Let i be 123/((312/80)/13). Let h = i + -200. Calculate the greatest common factor of 84 and h.
42
Let v be ((2050/(-20))/(10/4))/((-1)/4). Calculate the highest common factor of 1804 and v.
164
Suppose 21*i - 3230 - 3893 = -1033. What is the highest common factor of 174 and i?
58
Let v be ((-16)/12)/(20/(-30)). Suppose -2*i = 4*c - 110, -3*i + 25 = v*c - 40. What is the greatest common factor of c and 450?
25
Suppose -57*x = -5*d - 55*x + 22, -4*x + 12 = 4*d. Suppose 0 = 3*a + 4*t - 80, -2*t - 3*t - 86 = -d*a. What is the highest common divisor of a and 56?
8
Let o be 28/(-98) + (-2224)/7. Let r = 340 + o. Let f be (9 - 6) + 3*65. Calculate the greatest common divisor of r and f.
22
Suppose 5*m - 2*q - 5 = 0, 4*m + 46 = -2*q + 68. What is the greatest common divisor of 339 and m?
3
Let h be 10/6 + 304/(-114) - -1. Suppose 5*u + 5*t = 313 - 88, -3*t - 9 = h. What is the highest common factor of u and 208?
16
Suppose 0*j - 3*j = 4*y - 14, -23 = -j - 5*y. Let k be (95 + -1)/(-4 - j - -4). What is the highest common divisor of 376 and k?
47
Suppose -l - 3*l - n + 97 = 0, -119 = -5*l + n. Let g = -7312 + 7420. Calculate the highest common divisor of l and g.
12
Suppose 174*f = 291*f - 339768. Calculate the highest common factor of 792 and f.
264
Suppose 171 = 4*c - 145. Suppose -c = -5*w + 141. What is the highest common factor of w and 11?
11
Let r = 958 + -900. Suppose r*c = 66*c - 288. Suppose 5*o - 2*o = 12. What is the highest common divisor of o and c?
4
Suppose -3*c + 1744 = 4*z - 8399, -4*z - 13524 = -4*c. Calculate the greatest common divisor of 23 and c.
23
Suppose 7*s + 12 + 9 = 0. Let p be -25 + s + 6 - 2. Let v be (p/30)/(1/(-5)). What is the highest common factor of 32 and v?
4
Let g be (-2)/(-11) + 55/((-18755)/(-132928)). Calculate the highest common factor of 6 and g.
6
Let z(l) = 674*l + 2152. Let i be z(-3). What is the highest common factor of i and 1220?
10
Suppose -4*w + 464 + 384 = 0. Let b = w - 186. Suppose 3*f - 12 = 0, -3*s = -0*s - 4*f - 218. Calculate the greatest common factor of b and s.
26
Suppose a + 5 = 3*i + 12, 0 = -a + 2*i + 8. Let s be (7/2 - 3)*0. Suppose s = -a*w + 55 + 5. What is the greatest common factor of 18 and w?
6
Suppose 10 = -5*u + 55. Let n be 4/(-24)*-4*(-18)/(-4). Suppose -2*r + 497 = n*z + 2*z, -5*z + 494 = -r. Calculate the highest common factor of z and u.
9
Suppose -3*q - 2*c = 0, -3*q - 4*c - c - 9 = 0. Suppose -2*x = -3*i - 18, i = -q*x - 0*i + 26. Calculate the highest common factor of 192 and x.
12
Let r(d) = 4*d**2 + 9*d - 16. Let b be r(8). Suppose -13*y - b = -25*y. What is the greatest common divisor of y and 26?
26
Let v = -542 - -553. Suppose -3040 = -v*c - 972. What is the greatest common divisor of c and 47?
47
Suppose x = 4, -2*o - 19*x + 15*x = -24. Let b be o - 18/6 - -131. What is the greatest common factor of b and 286?
22
Let f = -253 + 21. Let x = f + 237. Calculate the highest common divisor of 95 and x.
5
Suppose 562 = 20*y + 376 - 1254. What is the greatest common divisor of y and 117?
9
Let n(v) = -2*v**2 + 2*v - 2. Let j be n(0). Let g be 113 - (j - -2) - 3. What is the greatest common factor of 22 and g?
22
Suppose -239*g + 3578 = -246. What is the greatest common factor of 136 and g?
8
Let v be (-3)/2*(7 - 9). Suppose 0 = v*t + 2*y - 294, 25 - 534 = -5*t + 3*y. Let i be ((-12)/10)/(132/(-4400)). Calculate the highest common divisor of i and t.
20
Let r = 81 - 76. Suppose -18 = 2*t + 5*v, 3*v - r*v - 9 = -t. Let p be -4 + 258 + (-1)/t. Calculate the highest common divisor of p and 23.
23
Let d(r) = 33*r**2 - 7*r - 6. Let p be d(-1). Suppose -28*k - 420 = -p*k. Calculate the greatest common factor of k and 20.
10
Let w be -1*(-5 - -2)*-2. Let k be ((-64)/8)/(-1 - 1). Let v be 3/w - (-26)/k. Calculate the greatest common divisor of v and 15.
3
Suppose 5*h - 2*v + 298 - 122 = 0, -5*h - 4*v - 188 = 0. Let g be (h/10)/(2/((-240)/18)). What is the highest common factor of g and 84?
12
Suppose -2*s - 9 + 19 = 0. Suppose -4*g + s*i = -6*g + 139, 0 = 2*g - 2*i - 104. What is the greatest common divisor of g and 228?
57
Let l be ((-